mmon divisor of i and 48?
24
Let n = 35 - 10. What is the highest common factor of n and 5?
5
Let r be (3*-1)/(12/(-56)). Let g = -72 - -140. Suppose -4*l + g = -b + 14, 3*b + 22 = 2*l. Calculate the highest common factor of l and r.
14
Let r(a) = a**3 - 6*a**2 + 5*a - 3. Let c be (-8)/32 + 21/4. Let q be r(c). Let h be q/(-5)*(-60)/(-6). Calculate the greatest common divisor of 42 and h.
6
Let y(v) = 27*v**2 - 13*v - 2. Let x be y(5). Calculate the highest common divisor of 64 and x.
32
Let k(g) be the second derivative of -28/3*g**3 + 0*g**2 + 0 - 2*g. Let n be k(-3). What is the greatest common divisor of 28 and n?
28
Suppose 17*i + 248 = 25*i. Calculate the greatest common factor of 589 and i.
31
Let c = -14 - -18. Suppose -l + k = -c*k - 16, -2*k + 26 = 5*l. Calculate the greatest common divisor of l and 18.
6
Let f(l) = -l**3 - 7*l**2 + 2*l + 23. Let h be f(-7). Suppose 0 = 2*m + a - 2 - 6, -2*m + 2*a = -20. What is the highest common divisor of m and h?
3
Let l be 6*1*(0 + -3). Let f be 12/(-4)*l - 3. Calculate the greatest common factor of 17 and f.
17
Let v(z) = -z**3 + z**2 + 2*z - 3. Let y be v(6). Let k = -101 - y. Suppose 41*l - 101 - 445 = -136. What is the greatest common factor of l and k?
10
Let c(t) = 5*t**3 - 5*t**2 + 4*t - 6. Let f be c(3). Let w = -14 - -27. Let a = w - 1. Calculate the highest common factor of a and f.
12
Let h(z) = -138*z + 24. Let f be h(0). Let a(x) = -2*x - 3 + 2 - 1. Let u be a(-7). What is the greatest common factor of u and f?
12
Let m(f) = -71*f + 45. Let n(x) = 36*x - 22. Let c(g) = -3*m(g) - 5*n(g). Let r be c(8). Suppose 3*k = 454 + r. What is the greatest common divisor of k and 21?
21
Suppose 3*r + 51 = 4*l - 44, -3*r - l - 100 = 0. Let i be 1*3 + r/11. Suppose -4*y + 64 + 4 = i. Calculate the highest common divisor of y and 68.
17
Suppose -3*j + 176 = -2*j. Let w(u) = 81*u**2 + 3*u + 2. Let t be w(-1). Suppose -5*l = -10*l + t. Calculate the highest common factor of l and j.
16
Let x = 961 - 691. What is the greatest common factor of 150 and x?
30
Suppose 11*f = 6*f + 15. Let w be (3*(-1)/f)/(-1). Calculate the highest common divisor of w and 8.
1
Suppose 2 = -g - 14. Let d = g + 26. Suppose q + 3 = 1, m - 5*q - 20 = 0. Calculate the highest common factor of d and m.
10
Suppose 0 = 14*c - 150 - 32. Let l(y) = y**3 - y**2 - 3*y + 2. Let t be l(2). Suppose 2*z + 3*z - 195 = t. What is the highest common factor of c and z?
13
Let y be (1 - 1)*1 - -3. Let r be 10/(-3)*(-21)/2. Suppose -r = 2*z - 59. What is the greatest common divisor of y and z?
3
Let o be (-2)/(-10) + (-3)/15. Suppose o = 4*x - 2*x - 8. Suppose 2*q + 264 = x*q. What is the highest common factor of q and 12?
12
Let k(g) = -g**3 - 6*g**2 + 4. Let u be k(-6). Suppose -51209*p + 51245*p - 108 = 0. Calculate the greatest common divisor of u and p.
1
Let f be (-124506)/(-171) + 6/(-57). Calculate the greatest common factor of f and 13.
13
Let r(o) = 6*o + 2. Let j be r(-2). Let l = j - -11. Let d = 20 - 9. Calculate the greatest common divisor of d and l.
1
Suppose 2*f + 2*j = 5 + 15, 4*j - 13 = -f. Let t = 92 - 91. What is the highest common divisor of t and f?
1
Let w = 4399 - 2927. Calculate the greatest common factor of 92 and w.
92
Let p be 254/8 + (-1)/(-4). Let c(v) = -2*v**3 + 10*v + 8. Let b be c(-2). Calculate the highest common factor of b and p.
4
Let r be (-52)/8*-1*2. Let u = -10 + r. Suppose -4*s = -16, j - u*s - 57 = -15. Calculate the greatest common factor of j and 36.
18
Suppose -311 = -22*d + 569. Let r = -2 - -8. Suppose 3*g + 7 = r*g - 4*w, -g - 4*w + 13 = 0. Calculate the highest common factor of d and g.
5
Let k be ((-16)/(-6) - 2)*(0 + 21). What is the greatest common factor of k and 266?
14
Let y be 1/(-2)*(-1 - 1). Let p be y + (1 - (-1 + -2)). Suppose p*h + 7 = 22. Calculate the highest common factor of h and 15.
3
Let n(t) = -2*t**2. Let u be n(-2). Let p be (-66)/u + 6/(-24). Suppose p*v = 3*v + 40. What is the highest common divisor of 16 and v?
8
Let l(v) = v**3 - 5*v**2 - 4*v - 7. Let a = 48 + -42. Let c be l(a). Let y be 494/14 + (-8)/28. Calculate the highest common factor of y and c.
5
Suppose 0 = 4*h - 259 - 101. What is the highest common divisor of h and 198?
18
Let d be 6/16*20*26. What is the greatest common divisor of d and 117?
39
Suppose -2*q - 3*y + 2*y = -3, -5*q + 2*y = 6. Let x be 3 - (q - (1 - -1)). What is the greatest common divisor of x and 10?
5
Let s = 218 + -215. Calculate the highest common divisor of 6 and s.
3
Let t = 73 + 39. Let x be (-1 + 13)*(-104)/(-24). Suppose -3 = -n + 4*w + 3, 4*n - 2*w - x = 0. What is the highest common divisor of n and t?
14
Let j(y) = y**2 - 7*y - 28. Let c be (-6 + 3)/1*(-5 - -1). Let d be j(c). Suppose 0 = 2*t - 4*t + 32. What is the highest common divisor of d and t?
16
Suppose -4*w + 5*l + 149 = 0, -9*w + 4*w + 178 = 2*l. What is the greatest common divisor of w and 243?
9
Suppose 0 = -3*g + 268 - 4. Let z = -96 + 64. Let c = z - -40. Calculate the highest common divisor of c and g.
8
Let l be -1*(-1*231/(-28))/((-1)/12). Let f(b) = b**3 + 6*b**2 - 2*b - 1. Let m be f(-6). Calculate the highest common factor of l and m.
11
Let o be 2/(-3)*(-6)/4 + 3. Suppose -t + 0*t = -o. What is the greatest common divisor of t and 20?
4
Suppose 0 = 10*a - 12*a. Suppose 5*x - 3*w - 66 = a, -4*w - 33 - 23 = -4*x. Calculate the greatest common divisor of 108 and x.
12
Suppose 11 = 3*r - 844. What is the highest common divisor of 57 and r?
57
Let k(g) = -g**2 + 22*g + 16. Let j be k(22). What is the greatest common factor of 208 and j?
16
Suppose -14 = 3*a - 53. Suppose 4*n - 2*n = -348. Let x = -57 - n. What is the highest common factor of x and a?
13
Suppose 0 = 3*u - x + 88 - 108, 2*u + x - 20 = 0. What is the greatest common divisor of 300 and u?
4
Suppose 5*n - 3*s = 708, -3*n + 20*s = 21*s - 436. Calculate the greatest common divisor of n and 8.
8
Let t be (5 - -1) + -2 + -3. Suppose t = -q + 6. Suppose 0 = -q*n + n + 192. What is the highest common factor of 16 and n?
16
Let a = 404 - 234. Suppose 310 + a = 3*l. What is the highest common factor of 16 and l?
16
Suppose 4 = -2*t + 14. Suppose t*w + 5 = 2*q, 2*q - 6*w - 11 = -3*w. Let z = -6 + q. Calculate the greatest common factor of 28 and z.
4
Suppose 0 = 4*k + 20, 2*c - 5*k = -8*k - 5. Calculate the highest common factor of 13 and c.
1
Let f be (80/(-30))/((-6)/(-9)). Let k be (-281)/f + (-15)/60. Calculate the greatest common divisor of 35 and k.
35
Let g be ((4 + -199)/(-5) - 3) + -6. Calculate the highest common divisor of g and 435.
15
Suppose -5*h + 43 = -22. Let u(t) = t**3 - 14*t**2 + 13*t - 18. Let a be u(h). Let s = a - -62. Calculate the greatest common divisor of 11 and s.
11
Suppose m + 0*m = -4*q - 36, -2*q + 4*m = 0. Let j be -1*(1 - (-3)/1). Let f = j - q. What is the highest common divisor of f and 6?
2
Suppose -3*w - 20 = -86. Suppose -4 + 24 = 4*t - 2*j, -j = -4*t + w. What is the highest common divisor of t and 126?
6
Let x = 3 + 16. Let k be (x + (-12)/3)/((-3)/(-2)). What is the greatest common factor of k and 25?
5
Let t be (-69)/(1/(1 - 4)). Suppose 0 = 3*w - 15 - 54. What is the greatest common factor of w and t?
23
Let a be (-12)/(-40) - (-263472)/160. Calculate the greatest common factor of a and 27.
27
Let g = 135 - 40. Let p(b) = 38*b**2. Let s be p(1). What is the greatest common factor of s and g?
19
Suppose 3119 - 53 = 73*i. What is the highest common divisor of i and 441?
21
Let w be ((-8)/10)/(4/(-10)). Suppose 10*t - 3*z - 6 = 11*t, -5*t + 24 = -3*z. Calculate the highest common factor of w and t.
1
Suppose -3*w = -4*w - 2*r + 76, 0 = -2*w + 5*r + 125. Let j be 0 - (-6 - 27) - 5. Calculate the highest common factor of j and w.
14
Let u = 228 + -174. What is the greatest common divisor of u and 12?
6
Let l = 13 + 0. What is the highest common divisor of 26 and l?
13
Let h be 3/6 - 15/30. Suppose h = 5*g + g - 36. Suppose -3*t = 5*y - 204, 3*y - 5*t - 112 - 24 = 0. What is the highest common divisor of g and y?
6
Let d be (9 - 0)/(3/2). Suppose 3*h + 2521 + 251 = 0. Let m be h/(-51) - 4/34. Calculate the highest common divisor of m and d.
6
Let x be 4 + 0 + 4/2. Let q = -140 + 143. Calculate the highest common divisor of q and x.
3
Let f = -51 + 89. Suppose -2*b +